{"id":8,"date":"2019-08-09T22:40:52","date_gmt":"2019-08-09T20:40:52","guid":{"rendered":"http:\/\/jobstmann-spandonis.at\/?page_id=8"},"modified":"2019-08-25T18:56:42","modified_gmt":"2019-08-25T16:56:42","slug":"startseite","status":"publish","type":"page","link":"https:\/\/jobstmann-spandonis.at\/","title":{"rendered":"Willkommen"},"content":{"rendered":"\n<p>Figurative und abstrakte Elemente in einem Bild zu vereinen ist das Ziel meiner Arbeit. Dabei bieten minimale Konturen, Formen und Linien maximalen Interpretationsspielraum f\u00fcr den Betrachter und die freie Farbgebung der abstrakten Malerei verleiht den Objekten, Geb\u00e4uden und Gestalten eine eigene Stimmung. Das Bild soll als interessant, aber auch als sch\u00f6n wahrgenommen werden.<\/p>\n","protected":false},"excerpt":{"rendered":"<p>Figurative und abstrakte Elemente in einem Bild zu vereinen ist das Ziel meiner Arbeit. Dabei bieten minimale Konturen, Formen und Linien maximalen Interpretationsspielraum f\u00fcr den Betrachter und die freie Farbgebung der abstrakten Malerei verleiht den Objekten, Geb\u00e4uden und Gestalten eine eigene Stimmung. Das Bild soll als interessant, aber auch als sch\u00f6n wahrgenommen werden.<\/p>\n","protected":false},"author":1,"featured_media":28,"parent":0,"menu_order":0,"comment_status":"closed","ping_status":"closed","template":"","meta":{"ngg_post_thumbnail":0},"_links":{"self":[{"href":"https:\/\/jobstmann-spandonis.at\/index.php?rest_route=\/wp\/v2\/pages\/8"}],"collection":[{"href":"https:\/\/jobstmann-spandonis.at\/index.php?rest_route=\/wp\/v2\/pages"}],"about":[{"href":"https:\/\/jobstmann-spandonis.at\/index.php?rest_route=\/wp\/v2\/types\/page"}],"author":[{"embeddable":true,"href":"https:\/\/jobstmann-spandonis.at\/index.php?rest_route=\/wp\/v2\/users\/1"}],"replies":[{"embeddable":true,"href":"https:\/\/jobstmann-spandonis.at\/index.php?rest_route=%2Fwp%2Fv2%2Fcomments&post=8"}],"version-history":[{"count":11,"href":"https:\/\/jobstmann-spandonis.at\/index.php?rest_route=\/wp\/v2\/pages\/8\/revisions"}],"predecessor-version":[{"id":171,"href":"https:\/\/jobstmann-spandonis.at\/index.php?rest_route=\/wp\/v2\/pages\/8\/revisions\/171"}],"wp:featuredmedia":[{"embeddable":true,"href":"https:\/\/jobstmann-spandonis.at\/index.php?rest_route=\/wp\/v2\/media\/28"}],"wp:attachment":[{"href":"https:\/\/jobstmann-spandonis.at\/index.php?rest_route=%2Fwp%2Fv2%2Fmedia&parent=8"}],"curies":[{"name":"wp","href":"https:\/\/api.w.org\/{rel}","templated":true}]}}